2). Calculate q(j).
2
Let z(j) = j**2 + 2*j + 1. Let x be 12/8*4/(-6). Let u be 1 + -2 + -2 + x. Give z(u).
9
Let r(z) = -4*z + 8. Let k be 10 - (0 + 2 - -2). What is r(k)?
-16
Let f(k) = -7*k**3 + 0 + 0 - k. Suppose 16*c - 13*c - 3 = 0. What is f(c)?
-8
Suppose 2*g = -3*a + 15, -g + 3*a - 2*a + 5 = 0. Let f(i) = -i**2 + 4*i + 5. Calculate f(g).
-7
Let o(d) be the first derivative of -d**4/4 - 5*d**3/3 - 5*d**2/2 - 4*d - 1. Suppose 19*x - 22*x - 18 = 0. Let f be (2/(-1))/(x/(-9)). Give o(f).
-7
Let k(y) = -6 - 2*y + 7 - y**2 + 16*y**3 - y**2 - 15*y**3. Determine k(2).
-3
Let z(t) = 8*t - t - 20*t**2 - t**3 + 23*t**2 - 6. What is z(4)?
6
Let k(x) = -x**3 + 4*x**2 + 6*x - 4. Suppose 3*u - 12 = r - 5, 2*r + 5*u - 30 = 0. What is k(r)?
1
Let g be -5 + 6 + (-2 - -1). Let t(u) = 50 - 48 + g*u + u. Calculate t(5).
7
Let h(y) = y - 5. Suppose 0*m = -2*m. Calculate h(m).
-5
Let u(c) = -7*c - 8. Let x(q) = 8*q + 9. Let r(d) = 7*u(d) + 6*x(d). Let l = -52 - -54. Determine r(l).
-4
Let d(c) = -c**2 - 3*c + 4. Let r(a) be the third derivative of a**5/60 + a**4/6 - 5*a**3/6 + a**2. Let j(x) = 4*d(x) + 3*r(x). Calculate j(-2).
-3
Let c(s) = 2*s - 2 - 2*s**2 - s + 4*s**2 - 2*s. Let z = -10 - -12. Calculate c(z).
4
Let p(v) = v**3 - 5*v**2 + 5. Let o(k) = 3*k - 8. Let x be o(6). Let q = -5 + x. Let g be p(q). Let s(t) = -t**2 + 3*t + 7. What is s(g)?
-3
Suppose 4*w - 2*w + 36 = 0. Let f = -24 - w. Let v(m) = m**2 + 9*m + 3. What is v(f)?
-15
Let i be (-90)/75*5/2. Let f(b) = 6*b**2 - 2*b - 1. Let y(s) = 7*s**2 - 3*s - 2. Let p(d) = -6*f(d) + 5*y(d). What is p(i)?
-4
Let o(l) = 0*l + 5*l + 0*l**2 - l**2 + 4. Let x(h) = -h**2 - 5*h + 2. Let q be x(-6). Let m(v) = -v**3 - 4*v**2 + 5. Let u be m(q). What is o(u)?
4
Let o(k) = -k**3 - 4*k**2 - 1. Let m = 1 - 0. Let h be 13 + m*1/(-1). Suppose 3*b = -4*p + p - h, 2*p - 8 = 2*b. Give o(b).
-1
Suppose 2*j + 2*j = 0. Let r(y) = j*y + 4*y + 6 - y. Calculate r(-4).
-6
Let x = 34 + -37. Let o(c) = -2*c**2 - 5*c - 2. Determine o(x).
-5
Let i(o) = -o**3 - o**2 - o + 3. Let u(m) = m**2 + 5*m - 24. Let q be u(-8). Determine i(q).
3
Let f(g) = -g**2 + 8*g + 8. Suppose -2*k = -4*k + 16. Give f(k).
8
Let k(w) = w - 1. Let d be (-9)/6 - 2/(-8)*2. Give k(d).
-2
Let w(f) = -5 + 8*f + 6 + f**2 + 0*f + 5. Give w(-5).
-9
Let l be (3/(-2))/(1/2). Let k(j) = -j**2 - 2. Let p(b) = b**2 + 3. Let s(f) = 6*k(f) + 5*p(f). Give s(l).
-6
Let a be 6/(-4)*(-70)/21. Let v(m) = 2*m**2 - 6*m - 5. What is v(a)?
15
Let v(k) = -k**3 - 3*k**2 - 2*k - 4. Suppose 0 = -g + a - 4 + 6, -3*a - 27 = 4*g. What is v(g)?
2
Let d = 5 + -9. Let f(k) = -5*k**2 + 11*k + 10. Let s be 16/(4/(-2)) - -3. Let p(r) = 4*r**2 - 10*r - 9. Let z(l) = s*f(l) - 6*p(l). Calculate z(d).
0
Let b(p) = -p + 10. Let l be b(7). Let y(m) = -m**2 - 6*m - 3 + l*m + 2*m. Determine y(-3).
-9
Let c be 1 - (1 + (2 - 2)). Suppose c*h = 3*h + 9. Let m = h - -7. Let v(d) = -d**2 + 2*d + 5. Calculate v(m).
-3
Let r(k) = 4*k + 0*k**2 + 5 + 0*k + k**2 - 3*k**2. Let g(a) = -a**2. Let b(w) = -3*g(w) + r(w). Let n be ((-3)/2)/(9/24). What is b(n)?
5
Suppose -p - 8 = 2*u, 4 + 8 = 2*u - 4*p. Let v be (-12)/(-8)*u/3. Let r(n) = -9*n**3 + n**2 - n - 1. Determine r(v).
10
Let b(c) = -1. Let d(q) = q - 2. Let n(j) = -3*b(j) + 2*d(j). Let u be n(-2). Let m(z) = -z**2 - 6*z + 1. Determine m(u).
6
Let x(m) be the second derivative of m**5/20 - 5*m**4/12 - 2*m**3/3 - 7*m**2/2 - 6*m. Give x(6).
5
Suppose 0 = 3*z - 0 - 3. Let s(i) = -33*i. Suppose 4*a = 4*c - 36, -a + 0*a - 9 = -3*c. Let o(h) = 8*h. Let f(p) = a*o(p) - 2*s(p). Calculate f(z).
-6
Let p(i) be the first derivative of -1/2*i**2 + 2*i + 6. What is p(3)?
-1
Let v(j) be the second derivative of -j - 1/3*j**3 + 1/20*j**5 - 1/2*j**2 + 1/4*j**4 + 0. Suppose -37*b = -32*b + 15. What is v(b)?
5
Suppose 0*j + j - 3 = 0. Let s(i) be the second derivative of -i**5/20 + i**4/3 - i**2/2 - 6*i. Give s(j).
8
Let s(r) be the second derivative of -r**4/24 + r**3/2 - 3*r**2/2 + 8*r. Let w(o) be the first derivative of s(o). Determine w(-5).
8
Let q(f) = -f**3 + 6*f**2 - 6*f - 1. Let h(v) be the first derivative of 2 + 1/3*v**3 - 3*v + v**2. Let r be h(-4). What is q(r)?
-6
Suppose -3*k - 2*m = -3 - 11, 5*k + 3*m - 22 = 0. Let p(f) = -10 + 3 + k*f + f. Give p(5).
8
Let s(a) = a**3 + 4*a**2 - a - 4. Let v(t) = t**2 + 8*t - 36. Let k be v(-11). What is s(k)?
8
Let l(c) = -c**3 - 4*c**2 - 4*c + 7. Let t(i) = i**2 + i - 1. Let r(v) = -l(v) - 5*t(v). Let d(w) = -w - 3. Let q = -5 - 0. Let a be d(q). Give r(a).
0
Let r(g) be the first derivative of -3 + g**2 - 1/4*g**4 - g**3 - 2*g. What is r(-4)?
6
Let u(k) = -4*k - k**2 + k**3 + 2*k + 3*k**2. Let m(t) = -2*t + 1. Let j be m(-5). Let a = j - 13. Determine u(a).
4
Let p(o) be the first derivative of -o + 3 + 8/3*o**3 - o**2 - 3/4*o**4. Let y(c) = 2*c**3 - 7*c**2 + 2*c + 2. Let v(z) = 3*p(z) + 4*y(z). Calculate v(-4).
-3
Let l(p) = -p**3 - 4*p**2 + 5*p - 6. Let b = 63 + -68. Give l(b).
-6
Let f(o) = 2*o**2 + 3*o + 11. Let j(u) = -u**2 - 1. Let b(t) = f(t) + 3*j(t). What is b(6)?
-10
Let x(f) = f**2 + f + 2. Let o be x(-2). Let z = o + -3. Let b(u) be the first derivative of -u**3 + u**2 - u + 1. Determine b(z).
-2
Let b(y) = -y - 10. Let d = 33 + -47. Let m = d - -9. What is b(m)?
-5
Let v(w) = -2*w - 12. Let p be 140/(-18) - (-6)/(-27). What is v(p)?
4
Let v(n) be the first derivative of -n**2/2 - 4*n - 1. Let c be -8*(-1 + 1 + -2). Suppose -3*b - c = b. Calculate v(b).
0
Let b(u) be the first derivative of u - 1/2*u**2 - 1/2*u**3 + 1. Let p(g) be the first derivative of b(g). Determine p(-1).
2
Let j(y) = 4*y**2 + 12*y + 10. Let d(f) = f**2 + f + 1. Let u(a) = -3*d(a) + j(a). Calculate u(-6).
-11
Let n = -14 - -25. Suppose -7 = -3*o + n. Let m(y) = y**3 - 7*y**2 + 7*y - 3. Determine m(o).
3
Let k(o) be the second derivative of -2*o + 0*o**3 + 0*o**2 + 0*o**5 + 1/360*o**6 + 0 + 1/12*o**4. Let h(r) be the third derivative of k(r). What is h(-3)?
-6
Let m(n) = 3*n**3 - 4*n**2 - 2*n + 1. Let d(s) = 16*s**3 - 21*s**2 - 10*s + 5. Let x(b) = 2*d(b) - 11*m(b). Determine x(2).
3
Let q(p) be the third derivative of -p**2 + 0 + 0*p + 1/60*p**5 + 0*p**3 + 1/24*p**4 + 1/24*p**6. Suppose 3*s + 0*s = -3. Calculate q(s).
-5
Let r(v) be the second derivative of -v**7/420 - v**6/720 - v**5/120 + v**4/12 - 2*v. Let a(p) be the third derivative of r(p). What is a(-1)?
-6
Let k = 11 - 6. Suppose h - 8 = -2. Let p(l) = -h*l**2 - 3 + l**3 - l + 7*l - l. Determine p(k).
-3
Let w(o) = o**2 - 2*o + 5. Let j = -5 + 9. Calculate w(j).
13
Suppose 4*f = -2*q + q - 9, 2 = -2*q - 4*f. Let r(a) = a**2 - 8*a - 2. Give r(q).
-9
Suppose -3*g - 17 = -5*k, -4*g + 4 + 4 = k. Let i(o) = o**2 - 5*o. What is i(k)?
-4
Let y(p) = -p**3 + 13*p**2 - 8*p + 1. Let u(s) = s**2 - 1. Let n(d) = 6*u(d) - y(d). Calculate n(5).
-17
Let y(n) = -2*n**2 + 7*n**2 + 3 - 3. Determine y(-1).
5
Let f(w) = w**3 + 5*w**2 + w + 1. Let l be f(-5). Let v(n) = -n. Determine v(l).
4
Let j(t) = -t**3 + 5*t**2 - 2*t - 3. Suppose -w - 5 = -10. What is j(w)?
-13
Let m be (-3)/(-2) + (-2)/(-4). Let u(p) = -p + p**2 + 3*p + 0*p**m. Calculate u(-3).
3
Let g = -7 + 9. Suppose -u = g*u - 3. Let q(l) = -u - 4*l**2 + 5*l + 3*l**2 - 4*l. Give q(0).
-1
Let s(t) = t + 1. Suppose 0 = -5*r + 10, 2*n + r + 4*r = 16. Suppose 4 = -5*j + 4*d + 13, n*j = 5*d - 5. Give s(j).
6
Let p(s) = s - 1. Let x(n) = -7*n - 1. Let v(f) = -2*p(f) - x(f). Let u be (-19)/6 - 2/(-12). Give v(u).
-12
Let s be 1/(-3) - (-39)/9. Let i(p) be the second derivative of -p**3/6 + 3*p**2/2 + 2*p. Give i(s).
-1
Let d(p) = p - 1. Let r(t) = -1 + 2 + 4 + 2*t. Let c(l) = 2*d(l) + r(l). Calculate c(-3).
-9
Let a be 1/2*2*2. Suppose 0 = a*u - 4 - 4. Let o(z) = 2*z**2 - u + z + 2 - z**2. Give o(-2).
0
Let t(k) = -9*k**2 - k - 2 + 4 - 12*k**2 + 20*k**2. Determine t(0).
2
Let m(z) = -z**2 - 13*z - 6. Let t be m(-11). Let c be (t/6)/((-4)/(-6)). Let l(k) = -c*k**2 - 6*k + 0*k - 3 + k + 3*k**2. Calculate l(-4).
1
Let u be (1012/48)/(-11) + 2. Let r(x) be the third derivative of -x**2 - u*x**4 + 0*x + 0 + 1/3*x**3. Determine r(4).
-6
Let w(g) = -g**3 + 2. Let c = 14 + -12. Calculate w(c).
-6
Let p(w) = -2*w + 4. Let y(f) = f**3 - f**2. Let i be y(-1). Let j be (-165)/(-9) + 4/(-12). Let s be i/((-3)/(j/4)). Give p(s).
-2
Let x(y) = -10*y + 6. 